the ten thousands digit of 3337941?
3
What is the tens digit of 940991?
9
What is the thousands digit of 834738?
4
What is the hundreds digit of 450448?
4
What is the tens digit of 81783?
8
What is the tens digit of 7771315?
1
What is the tens digit of 145987?
8
What is the tens digit of 596892?
9
What is the millions digit of 7458300?
7
What is the millions digit of 1405835?
1
What is the hundreds digit of 31244273?
2
What is the thousands digit of 2626542?
6
What is the thousands digit of 684512?
4
What is the hundred thousands digit of 112879?
1
What is the units digit of 1135038?
8
What is the thousands digit of 6249140?
9
What is the millions digit of 9349277?
9
What is the hundreds digit of 12969303?
3
What is the ten millions digit of 33859124?
3
What is the hundreds digit of 5175171?
1
What is the hundreds digit of 6593372?
3
What is the tens digit of 2938166?
6
What is the hundred thousands digit of 422005?
4
What is the units digit of 24241993?
3
What is the ten thousands digit of 368794?
6
What is the units digit of 1219432?
2
What is the thousands digit of 368081?
8
What is the ten thousands digit of 117619?
1
What is the hundreds digit of 778082?
0
What is the thousands digit of 692064?
2
What is the millions digit of 1428559?
1
What is the hundreds digit of 7951467?
4
What is the units digit of 523651?
1
What is the thousands digit of 309388?
9
What is the units digit of 904435?
5
What is the tens digit of 68367?
6
What is the hundreds digit of 856653?
6
What is the ten thousands digit of 6777142?
7
What is the thousands digit of 31146?
1
What is the ten thousands digit of 228547?
2
What is the thousands digit of 6902056?
2
What is the tens digit of 19721016?
1
What is the millions digit of 3357080?
3
What is the tens digit of 4208646?
4
What is the hundred thousands digit of 506236?
5
What is the thousands digit of 199362?
9
What is the hundreds digit of 379524?
5
What is the ten thousands digit of 19392132?
9
What is the tens digit of 338258?
5
What is the hundred thousands digit of 31463775?
4
What is the thousands digit of 88148?
8
What is the units digit of 9711376?
6
What is the ten thousands digit of 15402725?
0
What is the units digit of 264355?
5
What is the thousands digit of 298650?
8
What is the tens digit of 163141?
4
What is the hundreds digit of 5035129?
1
What is the tens digit of 1149893?
9
What is the tens digit of 1945698?
9
What is the tens digit of 10633463?
6
What is the hundred thousands digit of 115614?
1
What is the thousands digit of 368782?
8
What is the thousands digit of 3934062?
4
What is the thousands digit of 260735?
0
What is the hundred thousands digit of 17834627?
8
What is the tens digit of 1111572?
7
What is the units digit of 1432247?
7
What is the ten thousands digit of 976956?
7
What is the hundred thousands digit of 6163487?
1
What is the thousands digit of 11830028?
0
What is the millions digit of 6260207?
6
What is the ten millions digit of 34362261?
3
What is the millions digit of 4873355?
4
What is the ten thousands digit of 48524?
4
What is the units digit of 3783900?
0
What is the ten thousands digit of 32134303?
3
What is the millions digit of 2270651?
2
What is the units digit of 55985?
5
What is the hundreds digit of 7990654?
6
What is the tens digit of 316505?
0
What is the units digit of 164438?
8
What is the thousands digit of 46729?
6
What is the hundreds digit of 1385760?
7
What is the hundreds digit of 9504028?
0
What is the units digit of 53570?
0
What is the units digit of 4146005?
5
What is the thousands digit of 414029?
4
What is the units digit of 311417?
7
What is the ten thousands digit of 81903?
8
What is the units digit of 298872?
2
What is the units digit of 299875?
5
What is the thousands digit of 538575?
8
What is the units digit of 927458?
8
What is the hundred thousands digit of 908206?
9
What is the hundred thousands digit of 124892?
1
What is the hundreds digit of 810331?
3
What is the thousands digit of 7663214?
3
What is the ten thousands digit of 2632171?
3
What is the tens digit of 406847?
4
What is the hundred thousands digit of 3708353?
7
What is the thousands digit of 3008238?
8
What is the hundreds digit of 763120?
1
What is the hundred thousands digit of 288703?
2
What is the thousands digit of 7049049?
9
What is the ten thousands digit of 9071359?
7
What is the thousands digit of 11472819?
2
What is the thousands digit of 258620?
8
What is the thousands digit of 594447?
4
What is the thousands digit of 7938480?
8
What is the ten millions digit of 27896476?
2
What is the ten thousands digit of 29901?
2
What is the hundred thousands digit of 378094?
3
What is the millions digit of 22732847?
2
What is the hundreds digit of 6627763?
7
What is the thousands digit of 472635?
2
What is the hundreds digit of 60945?
9
What is the thousands digit of 4242025?
2
What is the ten thousands digit of 1039760?
3
What is the ten thousands digit of 5630924?
3
What is the tens digit of 469206?
0
What is the ten thousands digit of 481274?
8
What is the ten millions digit of 13607574?
1
What is the hundreds digit of 113850?
8
What is the tens digit of 6131928?
2
What is the hundreds digit of 230254?
2
What is the hundreds digit of 2407608?
6
What is the thousands digit of 783419?
3
What is the units digit of 3171871?
1
What is the tens digit of 380032?
3
What is the thousands digit of 392016?
2
What is the tens digit of 46614?
1
What is the ten thousands digit of 10781134?
8
What is the tens digit of 310141?
4
What is the units digit of 3515615?
5
What is the hundred thousands digit of 1105610?
1
What is the units digit of 1729551?
1
What is the thousands digit of 972953?
2
What is the hundreds digit of 307656?
6
What is the hundreds digit of 139964?
9
What is the millions digit of 7687991?
7
What is the units digit of 1986658?
8
What is the ten thousands digit of 66345?
6
What is the tens digit of 106587?
8
What is the ten thousands digit of 60725?
6
What is the ten thousands digit of 1087196?
8
What is the hundreds digit of 73817?
8
What is the units digit of 1094452?
2
What is the hundred thousands digit of 8292531?
2
What is the thousands digit of 2153719?
3
What is the hundred thousands digit of 1045041?
0
What is the ten thousands digit of 3267975?
6
What is the hundred thousands digit of 4754215?
7
What is the millions digit of 33000564?
3
What is the ten thousands digit of 1428428?
2
What is the thousands digit of 321314?
1
What is the tens digit of 180154?
5
What is the millions digit of 7413390?
7
What is the ten millions digit of 16129840?
1
What is the thousands digit of 254289?
4
What is the units digit of 2299057?
7
What is the units digit of 17066046?
6
What is the ten thousands digit of 10358952?
5
What is the units digit of 15603583?
3
What is the units digit of 20150910?
0
What is the hundreds digit of 318204?
2
What is the hundred thousands digit of 1075823?
0
What is the hundred thousands digit of 812340?
8
What is the hundred thousands digit of 1221589?
2
What is the tens digit of 169586?
8
What is the ten thousands digit of 3367893?
6
What is the hundred thousands digit of 383953?
3
What is the thousands digit of 3920343?
0
What is the hundreds digit of 109843?
8
What is the ten thousands digit of 612214?
1
What is the ten thousands digit of 971438?
7
What is the hundreds digit of 2411742?
7
What is the units digit of 9582811?
1
What is the thousands digit of 462098?
2
What is the hundreds digit of 1348611?
6
What is the thousands digit of 1036123?
6
What is the tens digit of 5273?
7
What is the hundreds digit of 623697?
6
What is the ten thousands digit of 5358494?
5
What is the millions digit of 1129926?
1
What is the hundreds digit of 133069?
0
What is the tens digit of 619324?
2
What is the hundred thousands digit of 634213?
6
What is the ten thousands digit of 170441?
7
What is the ten thousands digit of 14605136?
0
What is the units digit of 80412?
2
What is the hundred thousands digit of 224306?
2
What is the millions digit of 1648872?
1
What is the units digit of 2270690?
0
What is the units digit of 50213?
3
What is the units digit of 1590298?
8
What is the hundred thousands digit of 1385087?
3
What is the ten thousands digit of 156225